t are the prime factors of 1380962251?
23, 60041837
List the prime factors of 2414095143.
3, 804698381
What are the prime factors of 1939779624?
2, 3, 80824151
What are the prime factors of 90200850?
2, 3, 5, 601339
List the prime factors of 2968676128.
2, 11, 19, 443881
List the prime factors of 6576865553.
6576865553
List the prime factors of 63705961.
11, 31, 227, 823
What are the prime factors of 1954572538?
2, 977286269
List the prime factors of 16394063.
7, 929, 2521
What are the prime factors of 1458043993?
7, 208291999
List the prime factors of 353402371.
7, 50486053
List the prime factors of 173435735.
5, 11, 3153377
List the prime factors of 829388455.
5, 7, 577, 5867
List the prime factors of 83369202.
2, 3, 7, 1984981
What are the prime factors of 37045826?
2, 18522913
List the prime factors of 123830896.
2, 7, 23, 53, 907
List the prime factors of 849102670.
2, 5, 13, 353, 18503
What are the prime factors of 662671255?
5, 277, 557, 859
List the prime factors of 272527101.
3, 7, 11, 393257
What are the prime factors of 19065278?
2, 9532639
What are the prime factors of 276367593?
3, 29, 41, 77479
List the prime factors of 90470866.
2, 45235433
List the prime factors of 1141648006.
2, 2833, 201491
What are the prime factors of 2945125632?
2, 3, 827, 4637
List the prime factors of 21085250.
2, 5, 19, 23, 193
List the prime factors of 1260698010.
2, 3, 5, 11, 13, 71, 4139
List the prime factors of 44128016.
2, 97, 28433
What are the prime factors of 287907303?
3, 95969101
What are the prime factors of 173752527?
3, 13, 233, 19121
List the prime factors of 55100801.
7, 23, 342241
List the prime factors of 424293260.
2, 5, 89, 349, 683
List the prime factors of 1982913082.
2, 17, 58320973
What are the prime factors of 727157143?
19463, 37361
List the prime factors of 79513799.
79513799
What are the prime factors of 355226669?
7, 59, 860113
What are the prime factors of 36265691?
7, 11, 31, 15193
List the prime factors of 637408114.
2, 7, 73, 397, 1571
What are the prime factors of 102122948?
2, 19, 1343723
List the prime factors of 321931914.
2, 3, 53655319
List the prime factors of 266515341.
3, 17, 5225791
What are the prime factors of 160224333?
3, 29, 1841659
What are the prime factors of 392024095?
5, 78404819
List the prime factors of 181230639.
3, 23, 114197
List the prime factors of 1807340343.
3, 67, 8991743
List the prime factors of 809820832.
2, 1453, 17417
What are the prime factors of 82943518?
2, 7, 5924537
What are the prime factors of 159037752?
2, 3, 19, 229, 1523
What are the prime factors of 7009069571?
7, 1001295653
What are the prime factors of 6292338778?
2, 11, 286015399
What are the prime factors of 87873910?
2, 5, 8787391
What are the prime factors of 1115330953?
11, 461, 219943
What are the prime factors of 390591134?
2, 31, 6299857
List the prime factors of 792829328.
2, 49551833
What are the prime factors of 1696882350?
2, 3, 5, 11312549
List the prime factors of 6310523319.
3, 2103507773
What are the prime factors of 158135713?
139, 1137667
List the prime factors of 792866957.
59, 2207, 6089
What are the prime factors of 93307039?
7, 13329577
What are the prime factors of 330489388?
2, 31, 2665237
What are the prime factors of 22116159?
3, 13, 7001
What are the prime factors of 1808569591?
1808569591
List the prime factors of 164341632.
2, 3, 7, 13, 4703
What are the prime factors of 54803431?
53, 1034027
List the prime factors of 299700994.
2, 23, 31, 210169
List the prime factors of 85438360.
2, 5, 7, 43591
List the prime factors of 98642323.
13, 79, 139, 691
What are the prime factors of 915592069?
7, 17, 7694051
List the prime factors of 17287122.
2, 3, 23, 125269
List the prime factors of 448836308.
2, 112209077
What are the prime factors of 240629?
41, 5869
List the prime factors of 381814575.
3, 5, 67, 75983
List the prime factors of 4766769908.
2, 1191692477
List the prime factors of 209606960.
2, 5, 2620087
What are the prime factors of 3969404688?
2, 3, 61, 163, 8317
List the prime factors of 159247204.
2, 39811801
What are the prime factors of 3214496097?
3, 29, 456151
What are the prime factors of 55282286?
2, 19, 53, 27449
List the prime factors of 1029275925.
3, 5, 2459, 5581
What are the prime factors of 108457442?
2, 54228721
List the prime factors of 1552453611.
3, 89, 5814433
List the prime factors of 7925476845.
3, 5, 11, 13, 29, 43, 2963
What are the prime factors of 199597761?
3, 11, 2016139
List the prime factors of 97531375.
5, 61, 12791
What are the prime factors of 96171813?
3, 419, 8501
List the prime factors of 505408230.
2, 3, 5, 29, 41, 4723
What are the prime factors of 46129958?
2, 7, 257, 12821
What are the prime factors of 55161838?
2, 17, 1622407
List the prime factors of 548412497.
43, 47, 271357
List the prime factors of 2456350276.
2, 181, 739, 4591
List the prime factors of 2093506926.
2, 3, 7, 29, 1718807
What are the prime factors of 111993541?
11, 10181231
What are the prime factors of 98051436?
2, 3, 7, 29, 13417
List the prime factors of 1692660177.
3, 13, 14467181
List the prime factors of 665527631.
887, 750313
What are the prime factors of 601109952?
2, 3, 173, 18097
What are the prime factors of 146674747?
1213, 120919
What are the prime factors of 27774547?
23, 29, 41641
What are the prime factors of 86155122?
2, 3, 14359187
What are the prime factors of 45899850?
2, 3, 5, 305999
What are the prime factors of 1839359203?
11, 5881, 28433
What are the prime factors of 618013127?
6701, 92227
List the prime factors of 974114573.
974114573
What are the prime factors of 97217853?
3, 101, 320851
What are the prime factors of 12863467?
12863467
What are the prime factors of 1145972298?
2, 3, 709, 269387
List the prime factors of 91229313.
3, 7, 4344253
What are the prime factors of 206600432?
2, 12912527
List the prime factors of 582563110.
2, 5, 293, 198827
List the prime factors of 10733275.
5, 7, 61333
What are the prime factors of 76970832?
2, 3, 17, 94327
List the prime factors of 64116628.
2, 16029157
List the prime factors of 59227485.
3, 5, 79, 151, 331
What are the prime factors of 25176125?
5, 13, 15493
What are the prime factors of 166431290?
2, 5, 29, 573901
What are the prime factors of 2555486018?
2, 7237, 176557
What are the prime factors of 7887288?
2, 3, 328637
List the prime factors of 74725286.
2, 29, 1288367
What are the prime factors of 2475597515?
5, 495119503
List the prime factors of 34175491.
7, 17, 5861
List the prime factors of 222285735.
3, 5, 7, 71, 3313
What are the prime factors of 55704120?
2, 3, 5, 464201
List the prime factors of 299707116.
2, 3, 4231, 5903
List the prime factors of 276975173.
31, 331, 26993
What are the prime factors of 529125844?
2, 13, 10175497
List the prime factors of 47052785.
5, 13, 709, 1021
List the prime factors of 23436923.
23436923
List the prime factors of 258816567.
3, 151, 571339
What are the prime factors of 62514593?
17, 3677329
What are the prime factors of 883175041?
7, 17, 461, 947
List the prime factors of 4211613982.
2, 2689, 783119
List the prime factors of 218151237.
3, 72717079
What are the prime factors of 1057413939?
3, 977, 360769
What are the prime factors of 44276989?
149, 297161
What are the prime factors of 1485592?
2, 185699
List the prime factors of 159771170.
2, 5, 13, 317, 3877
List the prime factors of 5428654694.
2, 2714327347
What are the prime factors of 117247422?
2, 3, 23, 47, 18077
List the prime factors of 442642197.
3, 149, 181, 5471
List the prime factors of 5136036704.
2, 97, 1654651
What are the prime factors of 2923040025?
3, 5, 43, 302123
What are the prime factors of 570443222?
2, 149, 1914239
What are the prime factors of 2706153746?
2, 83, 193, 84467
List the prime factors of 326207011.
13, 1930219
What are the prime factors of 311400640?
2, 5, 251, 3877
List the prime factors of 6411264222.
2, 3, 11, 97140367
List the prime factors of 80834452.
2, 41, 492893
List the prime factors of 439162843.
7, 367, 24421
What are the prime factors of 226108846?
2, 1259, 89797
What are the prime factors of 1033009808?
2, 37, 227, 7687
What are the prime factors of 404396493?
3, 17, 7929343
List the prime factors of 482519675.
5, 11, 1754617
What are the prime factors of 2286